1
Let r(h) = h**2 - 2*h - 45. Let i be r(8). Suppose 3*j = i, 7*f - j + 291 = 8*f. What is the units digit of f?
0
Suppose 17415 = 92*d - 332799 - 163422. What is the units digit of d?
3
Let d = 3251 + -1641. Suppose -2*u = -9*u + d. Suppose 28 = -2*g + u. What is the units digit of g?
1
Let a = 550 + -550. Suppose a = 15*u + 4760 - 16385. What is the units digit of u?
5
Suppose -6*t + 15 = -3*t. Let b(s) = 104*s + 43. What is the tens digit of b(t)?
6
What is the units digit of 1180/6*(5 - (-7126)/70)?
4
Let k be (10/8)/(4 - (-252)/(-64)). Let j = -18 + k. Suppose j*z = 4*y - 362, z = -5*y + 6*z + 450. What is the tens digit of y?
9
Let a = -135 - -49. What is the tens digit of ((-22)/4)/(1/a)?
7
Let s be (10 - 8/4)*(-2)/(-8). Suppose -n = n + 3*z - 2704, z = -s. What is the units digit of n?
5
Let p = 1205 - -436. What is the thousands digit of p?
1
What is the units digit of (((-110)/(-132))/((-2)/(-448)))/(18/1431)?
0
Let t be ((-720)/(-84))/(-15) + (-328)/14. Let c be 875/(-9) + 4/18. Let o = t - c. What is the units digit of o?
3
Let t = 165743 - 84714. What is the tens digit of t?
2
Let r(p) = 2*p**2 - 9*p - 18. Let n(s) = 2*s**2 - 13*s - 48. Let q be n(9). What is the tens digit of r(q)?
2
Let y(i) = i**2 - 15*i + 17. Let c be y(15). What is the tens digit of (c - -474) + (3 - (2 + -3))?
9
Suppose -12*x - 78*x + 39053 = -50227. What is the units digit of x?
2
Suppose -h + 3*g = -9, 0 = -2*h + 7*h - 2*g - 19. Suppose -4*p + 4 = 0, h*k + 4*p = 2*k + 99. Suppose k*r + 278 = 97*r. What is the tens digit of r?
3
Let v(u) = u + 8. Let x be v(-5). Suppose -c + 5*g = 21, 0 = -3*c - 2*c + x*g + 5. Suppose -19 + 255 = c*f. What is the tens digit of f?
5
What is the tens digit of 533 + 187/11 + -7?
4
Suppose -144*m - 18*m + 676350 = 0. What is the tens digit of m?
7
Suppose -73*y = -22430 - 355345. What is the tens digit of y?
7
Suppose -4*f = 3*m - 48, -4*f - 14*m = -15*m - 48. What is the tens digit of (f/(-18)*-18)/((-3)/(-26))?
0
Let k = -174 - -10427. What is the thousands digit of k?
0
Let q be (-1 + 15/21)/(1/(-7)). Suppose 2063 = q*o - 5*a - 514, a = 5*o - 6408. What is the tens digit of o?
8
Suppose -3*c = -2*a - 161526, 5*c - 355327 = -7*a - 86210. What is the units digit of c?
6
What is the thousands digit of 1388*4 + -1 - (22 + -18)?
5
What is the hundreds digit of (-69513)/(-8) + 19 + (-1989)/104?
6
Suppose 0 = -769*t + 16617902 + 49873683. What is the units digit of t?
5
Suppose 4*s + 40*w - 74415 = 35*w, 0 = -4*s - w + 74435. What is the hundreds digit of s?
6
What is the hundreds digit of 11888 - 2 - 2 - (-62 + 36)/26?
8
Suppose -18 = j + 17. Let o = j - -218. What is the units digit of o?
3
Let s(f) = 301*f**2 + 95*f + 137. What is the hundreds digit of s(8)?
1
Let y be (1/2)/(6/84) - 3. Suppose 7*g - 2272 = y*g - v, 4*v = -20. What is the hundreds digit of g?
7
Suppose 0*k - 49 = -2*k + 3*u, -2*k - 3*u + 79 = 0. Let f be k/15 + (-10)/75. Suppose -f*v + 7*v - 349 = -3*m, 240 = 2*m - 4*v. What is the units digit of m?
8
Suppose 0 = 5*r + 5*y - 33470, 0 = -5*r + 27*y - 26*y + 33452. What is the thousands digit of r?
6
Suppose 51*g = 46*g - 10. What is the tens digit of (0 + g)*25/(-2)?
2
Let k be (-6)/(-2 + 245/124). Suppose 249*t - 49 = k*t. What is the tens digit of t?
4
Let f = 222 - 224. What is the hundreds digit of (-1388)/(7/f*(-48)/(-84))?
6
Suppose 1410*y - 1411*y + 5003 = -3*i, -3*y + 5*i = -15009. What is the tens digit of y?
0
Let z = -1805 - -1142. Let l = z + 1203. What is the tens digit of l?
4
Let m be -1 + 10/(-4)*12 - -2. Let k = 116 + m. What is the tens digit of k?
8
Suppose 42*g - 56*g + 213276 = 0. What is the thousands digit of g?
5
Let s(x) = 13 + 4 + 5*x + 15 - 4. Let v be (6 - 2 - 9) + 0. What is the units digit of s(v)?
3
Suppose 486 + 634 = 5*n - 5*t, 3*t = 15. Suppose 13*o = -n + 12189. What is the tens digit of o?
2
Suppose -5*h + 4 + 21 = 0. Suppose o + 5*z - 18 = 0, 3*o = 2*z - 0*z + 3. Suppose 3*d + h*p - 194 = d, -o*p + 99 = d. What is the units digit of d?
7
Suppose -3*l - 44436 = -u - 3*u, -22244 = -2*u - 5*l. What is the tens digit of u?
1
Suppose 0 = 4*k - 3*g + 4, 26*k + 5*g = 22*k + 28. Suppose 2*s - 805 = 5*z, -5*s + 1202 = -2*s - k*z. What is the tens digit of s?
0
Suppose 13 = -5*k + k - y, -2*y = 2*k + 8. What is the hundreds digit of 4/4 + (346 - (k + -1))?
3
Suppose -2*u + 2*r - 167 = 69, 3*u + 4*r + 361 = 0. Let g be (-63)/(-2)*(-20)/(-3). Let m = u + g. What is the tens digit of m?
9
Let k(b) = 24*b - 79. Suppose -4*t = -r - t + 15, 3*r - t = 21. What is the tens digit of k(r)?
6
Let n(l) = -l**3 - 8*l**2 + 11*l + 20. Let r be n(-9). Suppose -r*v = 4*f - 1174, 3*f = -2*f + 5*v + 1460. What is the units digit of f?
3
Let j(g) = g**2 - 9*g + 1. Suppose -5*l + l - 2*i + 40 = 0, -5*l + 50 = 5*i. Let x be j(l). Suppose -x*b + 60 = -8*b. What is the tens digit of b?
2
Let p be (-10)/(-2) + 1/(-1). Suppose 2*z - 628 = -w - 40, p*z - 20 = 0. Suppose 7*k - 500 - w = 0. What is the hundreds digit of k?
1
Let j(b) = b + 718. Let c be j(0). Suppose 5*d = -3*a - 610, c = -5*d + 4*a + 143. What is the hundreds digit of d/2*((-8)/(-4))/(-1)?
1
Let c = -19442 + 24649. What is the units digit of c?
7
What is the tens digit of (8 + (-37212)/8)/(-1*1/2)?
8
Let g(w) be the first derivative of 5*w**3/3 + 9*w**2/2 - 5*w - 33. What is the tens digit of g(-11)?
0
Let h be ((-3460)/(-35))/(1 - 10/14). Let p(l) = 5*l**3 + 6*l**2 + l - 4. Let y be p(-4). Let a = y + h. What is the hundreds digit of a?
1
Suppose 0 = g + 9, 0 = 4*r - 622*g + 627*g - 176235. What is the thousands digit of r?
4
Let p(r) = -r**3 + 44*r**2 + 336*r + 16. What is the hundreds digit of p(-16)?
0
What is the units digit of 1785/112*8*42/15?
7
What is the tens digit of -2 + (-4 - -1) + 1651 + -8?
3
Let m(k) = -2*k**2 - 25*k - 12. Let h = -16 - -4. Let z be m(h). Suppose -4*r + 7*n - 3*n + 816 = z, -3*n - 815 = -4*r. What is the units digit of r?
3
Suppose -k - 1291 = -3743. What is the units digit of k?
2
Let k(y) = 14*y**2 - 35*y - 57. What is the units digit of k(19)?
2
Suppose 331 + 99 = 2*h. Let d be (-4)/(-30) - h/(-75). Suppose 2*m - d*m + 189 = 0. What is the hundreds digit of m?
1
Let o be 2/((-2 - -1)/1). What is the tens digit of ((-1)/(-3))/(o/(-1230))?
0
Suppose -t + 29 = 5*r - 215, 0 = 3*t + 4*r - 776. Let k = t + -162. What is the hundreds digit of k?
1
Let w = -17284 - -24449. What is the tens digit of w?
6
Let q = 14 + -15. Let n be (4 - -1)*(-2 + q). Let y = n - -61. What is the tens digit of y?
4
Let p = -58 - -69. Suppose p*x - 6 = 8*x. Suppose 60 = -x*r + 4*r. What is the tens digit of r?
3
What is the tens digit of (-49 - -40)*(-942)/9?
4
Let c(p) be the third derivative of -11*p**4/12 - 5*p**3 + 11*p**2 - 4*p. What is the tens digit of c(-38)?
0
Let l(k) = 2*k**2 - k - 1. Let z be l(-1). Suppose 2*d - 7*d + 27 = -4*i, -3 = i. Suppose z*o = -2*s - d*s + 96, 4*s = 2*o - 132. What is the units digit of o?
8
Suppose -3*i - 3*k - 25 = -1, -5*i = -5*k. Let m(n) = -13*n + 1. What is the tens digit of m(i)?
5
Let p(f) = 4 + 0 + 14*f + 55*f + 11. What is the hundreds digit of p(5)?
3
What is the tens digit of ((-2)/(-10)*2)/(-6*(-1)/10500)?
0
Suppose -3*d + 196 = 4*u, 7*u - 9*u = 5*d - 98. Suppose -u*a = -66*a + 20009. What is the units digit of a?
7
What is the units digit of ((-884)/5)/((-5)/25)?
4
Let m be ((-63014)/(-84))/7 - 2/12. Suppose -14*a + 12297 = -m. What is the tens digit of a?
8
Let f be -1 - -233 - (1 - -2). Suppose 183 = -4*a - f. Let p = -86 - a. What is the units digit of p?
7
What is the units digit of 22125393/3159 - 1/(-13)?
4
Let g(b) = -66*b + 453. What is the hundreds digit of g(3)?
2
What is the tens digit of (1 - 1*68671)*(-205)/410?
3
Let r(w) = 45*w**3 - 15*w**2 + 12*w + 23. What is the units digit of r(7)?
7
Let l(p) = 3*p**2 - 25*p + 14. Let t(f) = f**3 + 9*f**2 + 10. Let o be t(-9). What is the units digit of l(o)?
4
Let a be 6160/(-15) + (-1)/3. Let s = 1053 + a. What is the tens digit of s?
4
Let d = 6 + -4. Let c be (-3*(2 - 46/12) + -5)*168. Suppose g - s = c, 0 = -d*g - g - s + 244. What is the units digit of g?
2
Let b(w) = -7*w + 69. Let x be b(9). What is the hundreds digit of ((-12740)/4)/(-7) + x?
4
Let t(d) = -d**2 - 2*d - 80. Let p be t(0). Let h = p - -92. Suppose -4*r = h, 5*